+ 1/12*p**4 + p**3 + 4*p + 0. Let b(i) = 2*i**2 + 12*i - 11. Let y(u) = -3*b(u) + 5*v(u). Give y(-5).
8
Let y(f) = -42*f**2 + f**2 - 2*f + 55*f**2 - 1. Let t = 0 - 1. Calculate y(t).
15
Let t(n) = -30*n**2 + 3*n - 1. Let y(v) = 29*v**2 - 2*v + 1. Let j(b) = -4*t(b) - 5*y(b). Determine j(-1).
-24
Let f = -3 + 6. Let v(z) = -z**3 + 15*z**2 + 2*z - 8. Let l(q) = q**3 - 18*q**2 - 2*q + 9. Let x(y) = 4*l(y) + 5*v(y). Calculate x(f).
2
Let n = 1033 + -1044. Let w(h) = -h**3 - 10*h**2 + 12*h - 13. Determine w(n).
-24
Let d(b) = b**3 - 5*b**2 - 6*b - 7. Suppose 1 = v - 4. What is d(v)?
-37
Let x(m) = -5*m**2 - 2*m + 2. Let o be 10/(-3) + 36/27. Calculate x(o).
-14
Let t = -38 - -69. Suppose -3*x = -4*l + t, 0*l - l - 1 = x. Let w(g) = g**2 - 2*g. What is w(l)?
8
Let z(d) = 2*d**2 - 80*d + 225. Let u be z(37). Let l(k) be the second derivative of -10*k + 4*k**2 + 0 + 1/6*k**u. What is l(-4)?
4
Let v = 5 + 14. Let b = -21 + v. Let q be (b/(-3))/(4/42). Let y(w) = -w**3 + 6*w**2 + 7*w - 4. Determine y(q).
-4
Let w be -12*(28/(-16) + 1). Let r(g) = -9*g**2 - 2*g - w*g - 1 + 11*g - 2*g. Let b(j) = -8*j**2 - 2*j - 1. Let t(u) = 7*b(u) - 6*r(u). What is t(-2)?
-5
Let i(r) be the second derivative of r**4/6 - 4*r**3/3 + 141*r. Calculate i(6).
24
Suppose -228 = 3*j - 210. Let u(s) = 2*s + 7. Give u(j).
-5
Let y(i) = 2*i. Let q(a) = a. Let k(m) = 3*q(m) - y(m). Let u be (2 - 1 - -5) + -1. Let z be k(u). Let x(w) = 2*w - 2. What is x(z)?
8
Let c(p) = -3*p**2 + 9*p - 7. Let r(q) = -q**2 + 4*q - 3. Let a(u) = 2*c(u) - 5*r(u). Let s(x) = 2*x + 0*x - 8 + 0*x. Let i be s(5). Determine a(i).
-7
Let x(t) = -4*t + 29. Let n(d) = -2*d**3 + 47*d**2 + 23*d + 33. Let o be n(24). Determine x(o).
-7
Let g(r) = -r**2 - 2 + 79*r + 95*r - 164*r. Calculate g(9).
7
Let n(z) = 2*z - 1. Suppose 12*c = 2*c + 30. Let o(w) = w - 1. Let y(l) = c*n(l) - 5*o(l). Let u be -4*(-4)/(-2)*1. Give y(u).
-6
Let p(s) be the third derivative of -s**6/120 + s**5/30 + s**4/24 - s**3/6 - 2*s**2 + 108. Give p(3).
-7
Let j(p) = -p**2 + 5*p - 4*p**2 + 3*p**2 - 5*p**3 - 3. Let t(o) be the first derivative of -o**4/4 + o**2/2 - o - 120. Let b(v) = j(v) - 4*t(v). Calculate b(2).
-13
Let f = 4 - 2. Suppose 2*l + f*a + 10 = 0, l + 2*l - 10 = 2*a. Let w(u) be the second derivative of u**5/20 - u**4/12 - 7*u**2 - 7*u + 9. Give w(l).
-14
Let l = -282 - -277. Let y(t) = 10*t - 5. What is y(l)?
-55
Let z = 143 - 117. Suppose -5*b - 4*n = 26, 4*b = b - 5*n - z. Let u(f) = -3*f - 1. Give u(b).
5
Let c(b) be the third derivative of 0*b + 1/30*b**6 + 11*b**2 + 0 + 0*b**3 + 0*b**5 - 1/24*b**4. Let h = -3 + 2. Give c(h).
-3
Let r = -2 - 8. Let d = r + 14. Suppose -4*g - 11 = -5*j, 3*j = d*g + 3 + 2. Let v(w) = w**2 - 2*w + 4. Give v(j).
7
Suppose 62*f - 219 = -1211. Let x(q) = -2*q - 22. What is x(f)?
10
Let x(r) = -20 + r**3 + 61 - 13 - 14 - 6*r**2 - 13 + 4*r. Give x(4).
-15
Let q(g) = 11*g**2. Let z = -168 - -167. Calculate q(z).
11
Let s(i) = 4*i - 16*i**2 - 10*i + 8*i + 30*i**2 - 13*i**2 + 7. Calculate s(-7).
42
Let n be -1*(3/1 + -7) + 0. Let h(c) = 63 - 5*c**3 + 3*c + 2*c**2 + 4*c**3 - 61. What is h(n)?
-18
Suppose c - 8 = -2*m, -5*m = -11*c + 6*c + 25. Suppose 4 + 4 = 5*u + 4*b, -4*u + b = 2. Let r(i) = -i - 1 + 7 + u. What is r(c)?
0
Suppose 2*z + 9 = 1. Let h(j) = 4*j**2 - 2 - 2*j**2 + j**3 - 2 - 6*j. Determine h(z).
-12
Let f(s) = -3*s + 3. Let c(u) = -3*u - 5 + u**2 - 4*u + 0. Suppose 6*v + 11 = 59. Let r be c(v). Calculate f(r).
-6
Let o(m) = -2*m**2 - 11*m - 12. Let y(v) = v**3 + 3*v**2 - 5*v - 8. Let w be y(-4). What is o(w)?
0
Let m(l) be the third derivative of -l**6/120 + l**5/12 + l**4/12 - 2*l**3/3 + 274*l**2. Determine m(5).
6
Let f = -57 - -60. Let c be f/(-4 + (-5)/(-2)). Let u(d) = -2*d**2 + d + 1. Determine u(c).
-9
Let j(c) = c + 7. Let d be ((-9)/1 - -5)*6/8. Calculate j(d).
4
Let k(i) = i + 1. Let b(j) = -j - 6. Let s be b(-6). Suppose -2*l + 2 = -s. Let n be (0 + 3)/(l/2). What is k(n)?
7
Let h(r) = -3*r**2 + 4*r - 2. Suppose -y - 8*x = -7*x - 1, -4*x - 4 = 0. Give h(y).
-6
Let z(w) = w. Let x(i) = -10*i + 4. Let n(g) = x(g) + 4*z(g). Suppose 0 = -7*r + 10*r - 27. Suppose 3*c - 2*f + 0*f - r = 0, -2*c + 6 = -2*f. Determine n(c).
-14
Let u(r) be the first derivative of -r**2 + 3*r - 96. Give u(5).
-7
Let t(u) = -6*u + 42. Suppose 6*i - 12*i = -3*h + 39, -4*h - 2*i = -22. Calculate t(h).
0
Suppose -v + 66*h = 70*h, 2*v + 2*h = 0. Let i(y) = y**3 + y**2 + y - 9. Determine i(v).
-9
Let n(w) be the third derivative of -1/120*w**6 + 1/12*w**4 - 8*w**2 + 0*w + 0 - 1/6*w**3 - 1/20*w**5. Give n(-4).
7
Let d(o) be the second derivative of -o**4/12 - 5*o**3/3 - 13*o**2/2 - 4*o + 25. Calculate d(-10).
-13
Suppose 0 = -11*m - 8*m - 171. Let t(f) = f**3 + 8*f**2 - 9*f + 2. Give t(m).
2
Let x(d) = 3*d - 1. Let z(r) = 6*r - 3. Let b(p) = 13*x(p) - 6*z(p). Suppose 2*j - 5*o + 18 = 0, 0 = j - 0*j + 5*o - 6. What is b(j)?
-7
Let f = 24 + -23. Suppose f + 7 = 4*l. Let z(q) = -4*q + 3. Calculate z(l).
-5
Let z(d) = -d**3 + 10*d**2 - 8*d - 12. Let h = 46 + -19. Suppose 2*g - h + 1 = 2*f, 3*f + 12 = 0. Calculate z(g).
-3
Suppose -h + t = -2*t + 11, 2*h = -5*t + 11. Let s(u) be the first derivative of -3*u**4/4 - 2*u**3/3 + u**2 + u - 7. Give s(h).
13
Let g = -9 + 15. Let y = g + -4. Let a(b) = 0*b**3 + y + 6*b - 3*b**2 - 5*b**2 + b**3. What is a(7)?
-5
Let q be (-130)/15 - (-2)/3. Let z = 0 + q. Let l be (-1)/((-10)/z + -1). Let j(s) = -s**3 - 3*s**2 + 4*s - 1. Determine j(l).
-1
Let z(h) = 13*h**2 + 6*h + 4. Let p(o) = -3*o**2 - o - 1. Let u(f) = -9*p(f) - 2*z(f). Give u(7).
29
Let x = -101 - -98. Let u(b) = 4*b - 1. Let t(s) = 2*s**2 - 7*s + 2. Let w(q) = x*t(q) - 5*u(q). Let a = 2 - 1. Calculate w(a).
-6
Let n(s) = -2*s - 8. Suppose 0 = m - 14*g + 9*g, -3*m - 5*g - 20 = 0. Determine n(m).
2
Let w(j) be the second derivative of -j**4/12 - 5*j**3/3 - 3*j**2/2 - 19*j + 2. Calculate w(-7).
18
Let n(s) = 2*s**2 + 3*s + 25. Let l(a) = -3*a**2 - 5*a - 37. Let f(u) = 5*l(u) + 8*n(u). Suppose 0 = -21*o - 6*o. Determine f(o).
15
Let s(b) = -7*b**2 - 13*b - 13. Let v(j) = 6*j**2 + 13*j + 13. Let y(p) = 5*s(p) + 6*v(p). Determine y(-12).
1
Let f(l) = l**3 + 8*l**2 + 6*l - 8. Let j = -42 + 65. Suppose 6*b + 19 + j = 0. Determine f(b).
-1
Suppose -12*m = -21*m. Let k(f) = f**3 - f**2 - 2*f + 6. What is k(m)?
6
Suppose -144 = -4*n + 72. Suppose 3*u = -5*x - n + 223, -3*u = 6. Suppose l = i - 8, -3*l + 2*i - x = -13. Let s(j) = j**2 + 8*j + 4. What is s(l)?
-8
Suppose -6*x = 121 - 139. Let i(b) be the first derivative of b + 1/2*b**2 + 0*b**x + 7/4*b**4 - 2. Give i(-1).
-7
Let t(o) = o**3 + 5*o**2 - 22305 + 22305 + 3*o. Determine t(-4).
4
Let o(c) = 22*c**2 + 0 + 9*c - 7*c**3 + 6*c**3 - 16*c**2 - 4*c + 15. What is o(7)?
1
Let v(t) = t - 2*t + t**2 + 4*t. Suppose 14*y + 18 = -52. What is v(y)?
10
Let c(r) = -3*r**2 + 2*r. Let u(q) = -13*q + 28. Let y be u(2). What is c(y)?
-8
Let x(h) = -9*h**3 - 13*h**2 - 4*h - 32. Let m(v) = -v**3 - v**2 - v - 5. Let n(g) = -8*m(g) + x(g). Calculate n(-6).
20
Let c(o) = -2*o - 32. Let x = 888 - 908. Calculate c(x).
8
Let k(t) = -9*t - 26*t**2 - 14 - 33*t**2 + 58*t**2. Calculate k(-7).
0
Let u(o) be the second derivative of -o**3/6 - o**2/2 - o. Let k = 139 + -141. Determine u(k).
1
Let c(z) be the first derivative of 16/3*z**3 + 1/2*z**2 - 15 + 0*z. Suppose 5 = -0*u - 5*u. Determine c(u).
15
Let u(g) = g + 3 - 3*g + 0. Let q be (-35)/(-5) - -1 - (13 - -2). Calculate u(q).
17
Let n(z) be the first derivative of -z**2/2 - 1705. Let p = -8 - -5. Give n(p).
3
Let z = -5 - -9. Let p be -3 + -4 + 4 + z. Let a(l) = -4*l + 1. Give a(p).
-3
Let o(d) = d**2 + 7*d. Let g be -6 - (84/70 - (-3)/(-15)). Determine o(g).
0
Let o(i) = i**2 + 48*i + 44. Let l be o(-47). Let q(m) = -2*m**2 + 9. What is q(l)?
-9
Let n(a) = 24 - 13*a - 7*a + 3*a - a**2. Determine n(-18).
6
Let y = -2 + 5. Let s(x) = -6 + 3 + y - x + x**3 + 1. Suppose -13*r + 8*r - 10 = 0. Calculate s(r).
-5
Let k(w) = 9*w + 2. Let s(f) = 9*f + 1. Let d(q) = 3*k(q) - 4*s(q). Give d(5).
-43
Let x(z) be the second derivative of -z**6/720 - 7*z**5/60 - 7*z**4/2 + 15*z. Let o(j) be the third derivative of x(j). Determine o(-6).
-8
Let w(z) be the second derivative of z**2 - 1/20*z**5 + 1/2*z**3 + 27*z + 0 + 1/2*z**4. Calculate w(6).
20
Let v(u) =